{"id":2568,"date":"2026-02-02T17:18:23","date_gmt":"2026-02-02T17:18:23","guid":{"rendered":"http:\/\/barberry:8888\/?post_type=product&#038;p=2568"},"modified":"2026-02-11T16:31:34","modified_gmt":"2026-02-11T16:31:34","slug":"lenovo-ideapad-slim-3-pc-portable-14-core-i5-16-go-ram-512-go-ssd","status":"publish","type":"product","link":"https:\/\/officetrading.sn\/index.php\/product\/lenovo-ideapad-slim-3-pc-portable-14-core-i5-16-go-ram-512-go-ssd\/","title":{"rendered":"Lenovo IdeaPad Slim 3 \u2013 PC Portable 14&Prime; \u2013 Core i5 16 Go RAM 512 Go SSD"},"content":{"rendered":"<div id=\"product-description-short-19019\" class=\"product-description-short sm-bottom\">\n<p>Achetez le Lenovo IdeaPad Slim 3 14IAH8 \u00e0 Dakar S\u00e9n\u00e9gal. PC portable Core i5, 16 Go RAM, SSD 512 Go, \u00e9cran 14\u2019\u2019 FHD, Windows 11.<\/p>\n<\/div>\n<div class=\"product-information light-box-bg mb-3\">\n<div class=\"d-flex flex-wrap align-items-center\">\n<h3 class=\"title-block\">Description<\/h3>\n<div class=\"block-content\">\n<div class=\"product-description typo\">\n<p>Le\u00a0<strong>Lenovo IdeaPad Slim 3 14IAH8<\/strong>\u00a0est un ordinateur portable fin, l\u00e9ger et performant, con\u00e7u pour le travail, les \u00e9tudes et le divertissement. Son \u00e9cran 14 pouces Full HD offre une image nette et confortable, id\u00e9ale pour une utilisation quotidienne.<\/p>\n<p>\u00c9quip\u00e9 d\u2019un processeur Intel Core i5-12450H et de 16 Go de m\u00e9moire RAM, il garantit une excellente fluidit\u00e9 en multit\u00e2che, tout en assurant une r\u00e9activit\u00e9 optimale gr\u00e2ce \u00e0 son SSD rapide de 512 Go.<\/p>\n<ul>\n<li>\u00c9cran 14 pouces FHD (1920 x 1080) IPS antireflets<\/li>\n<li>Processeur Intel Core i5-12450H jusqu\u2019\u00e0 2,8 GHz<\/li>\n<li>M\u00e9moire vive 16 Go pour un usage fluide et performant<\/li>\n<li>Stockage SSD 512 Go rapide et fiable<\/li>\n<li>Carte graphique Intel UHD Graphics int\u00e9gr\u00e9e<\/li>\n<li>Son Dolby Audio avec haut-parleurs frontaux<\/li>\n<li>Technologie RapidCharge : jusqu\u2019\u00e0 2h d\u2019autonomie en 15 minutes<\/li>\n<li>Certification T\u00dcV Low Blue Light pour r\u00e9duire la fatigue oculaire<\/li>\n<li>Design l\u00e9ger et robuste \u2013 environ 1,37 kg<\/li>\n<li>Syst\u00e8me d\u2019exploitation Windows 11 Home<\/li>\n<\/ul>\n<\/div>\n<\/div>\n<\/div>\n<\/div>\n","protected":false},"excerpt":{"rendered":"<div id=\"product-description-short-19019\" class=\"product-description-short sm-bottom\">\n<p>Achetez le Lenovo IdeaPad Slim 3 14IAH8 \u00e0 Dakar S\u00e9n\u00e9gal. PC portable Core i5, 16 Go RAM, SSD 512 Go, \u00e9cran 14\u2019\u2019 FHD, Windows 11.<\/p>\n<\/div>\n<div class=\"product-information light-box-bg mb-3\">\n<div class=\"product-prices sm-bottom\">\n<div class=\"d-flex flex-wrap align-items-center\"><\/div>\n<\/div>\n<\/div>\n","protected":false},"featured_media":4055,"comment_status":"open","ping_status":"closed","template":"","meta":[],"product_brand":[189],"product_cat":[157,160],"product_tag":[212,211,213],"class_list":{"0":"post-2568","1":"product","2":"type-product","3":"status-publish","4":"has-post-thumbnail","6":"product_brand-lenovo","7":"product_cat-informatique","8":"product_cat-ordinateur","9":"product_tag-lenovo-core-i5","10":"product_tag-lenovo-ideapad-slim-3","11":"product_tag-ordinateur-lenovo","13":"first","14":"instock","15":"shipping-taxable","16":"purchasable","17":"product-type-simple"},"acf":[],"_links":{"self":[{"href":"https:\/\/officetrading.sn\/index.php\/wp-json\/wp\/v2\/product\/2568","targetHints":{"allow":["GET"]}}],"collection":[{"href":"https:\/\/officetrading.sn\/index.php\/wp-json\/wp\/v2\/product"}],"about":[{"href":"https:\/\/officetrading.sn\/index.php\/wp-json\/wp\/v2\/types\/product"}],"replies":[{"embeddable":true,"href":"https:\/\/officetrading.sn\/index.php\/wp-json\/wp\/v2\/comments?post=2568"}],"wp:featuredmedia":[{"embeddable":true,"href":"https:\/\/officetrading.sn\/index.php\/wp-json\/wp\/v2\/media\/4055"}],"wp:attachment":[{"href":"https:\/\/officetrading.sn\/index.php\/wp-json\/wp\/v2\/media?parent=2568"}],"wp:term":[{"taxonomy":"product_brand","embeddable":true,"href":"https:\/\/officetrading.sn\/index.php\/wp-json\/wp\/v2\/product_brand?post=2568"},{"taxonomy":"product_cat","embeddable":true,"href":"https:\/\/officetrading.sn\/index.php\/wp-json\/wp\/v2\/product_cat?post=2568"},{"taxonomy":"product_tag","embeddable":true,"href":"https:\/\/officetrading.sn\/index.php\/wp-json\/wp\/v2\/product_tag?post=2568"}],"curies":[{"name":"wp","href":"https:\/\/api.w.org\/{rel}","templated":true}]}}