{"id":4166,"date":"2026-02-25T16:19:28","date_gmt":"2026-02-25T16:19:28","guid":{"rendered":"https:\/\/officetrading.sn\/?post_type=product&#038;p=4166"},"modified":"2026-02-25T16:19:28","modified_gmt":"2026-02-25T16:19:28","slug":"table-formation-pliable-1m20","status":"publish","type":"product","link":"https:\/\/officetrading.sn\/index.php\/product\/table-formation-pliable-1m20\/","title":{"rendered":"Table Formation &#8211; Pliable &#8211; 1m20"},"content":{"rendered":"<h3><span style=\"text-decoration: underline;\"><strong>Description<\/strong><\/span><\/h3>\n<p data-start=\"174\" data-end=\"445\">La\u00a0<strong data-start=\"177\" data-end=\"202\">Table Formation Pliable <\/strong>est con\u00e7ue pour allier praticit\u00e9, robustesse et esth\u00e9tisme. Id\u00e9ale pour les bureaux, salles de formation, espaces polyvalents ou \u00e9v\u00e9nements ponctuels, cette table permet un rangement facile gr\u00e2ce \u00e0 son plateau pliant et sa monture roulante.<\/p>\n<p data-start=\"447\" data-end=\"846\">Son plateau associ\u00e9 \u00e0 des finitions de bois lui conf\u00e8re un look moderne et professionnel. La structure en fer assure une stabilit\u00e9 parfaite, m\u00eame lors d\u2019utilisations fr\u00e9quentes. Gr\u00e2ce \u00e0 ses poign\u00e9es ergonomiques et ses boutons de pliage, cette table se d\u00e9plie et se replie en toute s\u00e9curit\u00e9, offrant une solution flexible et fonctionnelle pour tous les environnements.<\/p>\n<h3 data-start=\"447\" data-end=\"846\"><span style=\"text-decoration: underline;\"><strong>Fiche Technique<\/strong><\/span><\/h3>\n<p data-start=\"922\" data-end=\"978\"><strong data-start=\"922\" data-end=\"938\">Dimensions :<\/strong>\u00a01400 mm (L) \u00d7 400 mm (l) \u00d7 750 mm (H)<\/p>\n<p data-start=\"981\" data-end=\"1027\"><strong data-start=\"981\" data-end=\"995\">Capacit\u00e9 :<\/strong> 2 personnes<\/p>\n<p data-start=\"1030\" data-end=\"1076\"><strong data-start=\"1030\" data-end=\"1044\">Finition :<\/strong> Bois<\/p>\n<p data-start=\"1079\" data-end=\"1139\"><strong data-start=\"1079\" data-end=\"1094\">Mat\u00e9riaux :<\/strong>\u00a0Plateau en bois m\u00e9lamin\u00e9, structure en fer<\/p>\n<p data-start=\"1142\" data-end=\"1205\"><strong data-start=\"1142\" data-end=\"1162\">Fonctionnalit\u00e9 :<\/strong>\u00a0Plateau pliable pour un rangement facile<\/p>\n<p data-start=\"1208\" data-end=\"1272\"><strong data-start=\"1208\" data-end=\"1222\">Poign\u00e9es :<\/strong>\u00a02 poign\u00e9es pour transporter facilement la table<\/p>\n<p data-start=\"1275\" data-end=\"1346\"><strong data-start=\"1275\" data-end=\"1300\">M\u00e9canisme de pliage :<\/strong>\u00a02 boutons pour s\u00e9curiser le pliage\/d\u00e9pliage<\/p>\n<p data-start=\"1349\" data-end=\"1409\"><strong data-start=\"1349\" data-end=\"1363\">Mobilit\u00e9 :<\/strong>\u00a0Table roulante pour un d\u00e9placement pratique<\/p>\n","protected":false},"excerpt":{"rendered":"<h3><span style=\"text-decoration: underline;\"><strong>Description<\/strong><\/span><\/h3>\n<p data-start=\"174\" data-end=\"445\">La\u00a0<strong data-start=\"177\" data-end=\"202\">Table Formation Pliable <\/strong>est con\u00e7ue pour allier praticit\u00e9, robustesse et esth\u00e9tisme. Id\u00e9ale pour les bureaux, salles de formation, espaces polyvalents ou \u00e9v\u00e9nements ponctuels, cette table permet un rangement facile gr\u00e2ce \u00e0 son plateau pliant et sa monture roulante.<\/p>\n<p data-start=\"447\" data-end=\"846\">Son plateau associ\u00e9 \u00e0 des finitions de bois lui conf\u00e8re un look moderne et professionnel. La structure en fer assure une stabilit\u00e9 parfaite, m\u00eame lors d\u2019utilisations fr\u00e9quentes. Gr\u00e2ce \u00e0 ses poign\u00e9es ergonomiques et ses boutons de pliage, cette table se d\u00e9plie et se replie en toute s\u00e9curit\u00e9, offrant une solution flexible et fonctionnelle pour tous les environnements.<\/p>\n<h3 data-start=\"447\" data-end=\"846\"><span style=\"text-decoration: underline;\"><strong>Fiche Technique<\/strong><\/span><\/h3>\n<p data-start=\"922\" data-end=\"978\"><strong data-start=\"922\" data-end=\"938\">Dimensions :<\/strong>\u00a01400 mm (L) \u00d7 400 mm (l) \u00d7 750 mm (H)<\/p>\n<p data-start=\"981\" data-end=\"1027\"><strong data-start=\"981\" data-end=\"995\">Capacit\u00e9 :<\/strong> 2 personnes<\/p>\n<p data-start=\"1030\" data-end=\"1076\"><strong data-start=\"1030\" data-end=\"1044\">Finition :<\/strong> Bois<\/p>\n<p data-start=\"1079\" data-end=\"1139\"><strong data-start=\"1079\" data-end=\"1094\">Mat\u00e9riaux :<\/strong>\u00a0Plateau en bois m\u00e9lamin\u00e9, structure en fer<\/p>\n<p data-start=\"1142\" data-end=\"1205\"><strong data-start=\"1142\" data-end=\"1162\">Fonctionnalit\u00e9 :<\/strong>\u00a0Plateau pliable pour un rangement facile<\/p>\n<p data-start=\"1208\" data-end=\"1272\"><strong data-start=\"1208\" data-end=\"1222\">Poign\u00e9es :<\/strong>\u00a02 poign\u00e9es pour transporter facilement la table<\/p>\n<p data-start=\"1275\" data-end=\"1346\"><strong data-start=\"1275\" data-end=\"1300\">M\u00e9canisme de pliage :<\/strong>\u00a02 boutons pour s\u00e9curiser le pliage\/d\u00e9pliage<\/p>\n<p data-start=\"1349\" data-end=\"1409\"><strong data-start=\"1349\" data-end=\"1363\">Mobilit\u00e9 :<\/strong>\u00a0Table roulante pour un d\u00e9placement pratique<\/p>\n","protected":false},"featured_media":4168,"comment_status":"open","ping_status":"closed","template":"","meta":[],"product_brand":[],"product_cat":[146,193],"product_tag":[200,236,235,237],"class_list":{"0":"post-4166","1":"product","2":"type-product","3":"status-publish","4":"has-post-thumbnail","6":"product_cat-bureaux","7":"product_cat-tables-de-bureaux","8":"product_tag-office-trading","9":"product_tag-table-de-travail","10":"product_tag-table-formation","11":"product_tag-table-pliante","13":"first","14":"instock","15":"shipping-taxable","16":"purchasable","17":"product-type-simple"},"acf":[],"_links":{"self":[{"href":"https:\/\/officetrading.sn\/index.php\/wp-json\/wp\/v2\/product\/4166","targetHints":{"allow":["GET"]}}],"collection":[{"href":"https:\/\/officetrading.sn\/index.php\/wp-json\/wp\/v2\/product"}],"about":[{"href":"https:\/\/officetrading.sn\/index.php\/wp-json\/wp\/v2\/types\/product"}],"replies":[{"embeddable":true,"href":"https:\/\/officetrading.sn\/index.php\/wp-json\/wp\/v2\/comments?post=4166"}],"wp:featuredmedia":[{"embeddable":true,"href":"https:\/\/officetrading.sn\/index.php\/wp-json\/wp\/v2\/media\/4168"}],"wp:attachment":[{"href":"https:\/\/officetrading.sn\/index.php\/wp-json\/wp\/v2\/media?parent=4166"}],"wp:term":[{"taxonomy":"product_brand","embeddable":true,"href":"https:\/\/officetrading.sn\/index.php\/wp-json\/wp\/v2\/product_brand?post=4166"},{"taxonomy":"product_cat","embeddable":true,"href":"https:\/\/officetrading.sn\/index.php\/wp-json\/wp\/v2\/product_cat?post=4166"},{"taxonomy":"product_tag","embeddable":true,"href":"https:\/\/officetrading.sn\/index.php\/wp-json\/wp\/v2\/product_tag?post=4166"}],"curies":[{"name":"wp","href":"https:\/\/api.w.org\/{rel}","templated":true}]}}