{"id":4229,"date":"2026-02-28T09:12:09","date_gmt":"2026-02-28T09:12:09","guid":{"rendered":"https:\/\/officetrading.sn\/?post_type=product&#038;p=4229"},"modified":"2026-04-09T20:15:56","modified_gmt":"2026-04-09T20:15:56","slug":"imprimante-hp-laser-137w","status":"publish","type":"product","link":"https:\/\/officetrading.sn\/index.php\/product\/imprimante-hp-laser-137w\/","title":{"rendered":"IMPRIMANTE HP &#8211; LASER 137W"},"content":{"rendered":"<h3><span style=\"text-decoration: underline;\"><strong>Fiche Technique<\/strong><\/span><\/h3>\n<p>Type de produit: Imprimante multifonction<\/p>\n<p>Type d&rsquo;impression: monochrome (noir et blanc)<\/p>\n<p>Fonctions: Impression, Copie, Scan, Fax<\/p>\n<p>Capacit\u00e9 d&rsquo;impression: Jusqu&rsquo;\u00e0 20 pages\/mn<\/p>\n<p>Capacit\u00e9 de num\u00e9risation (normal, A4): Jusqu&rsquo;\u00e0 20 ipm (noir et blanc), jusqu&rsquo;\u00e0 7 ipm (couleur)<\/p>\n<p>R\u00e9solution de l&rsquo;impression: Jusqu&rsquo;\u00e0 1 200 x 1 200 ppp<\/p>\n<p>Taille de l&rsquo;\u00e9cran: \u00e9cran LCD 2 lignes (16 caract\u00e8res par ligne)<\/p>\n<p>Couleur du produit: mixte Blanc et Noir<\/p>\n<p>Fonctionnalit\u00e9s sans fil: Oui, Wi-Fi (802.11b\/g\/n) int\u00e9gr\u00e9 et via l&rsquo;application HP Smart<\/p>\n<p>R\u00e9f\u00e9rence: Laser-137fnw<\/p>\n","protected":false},"excerpt":{"rendered":"<p><strong>IMPRIMANTE HP &#8211; LASER 137W<\/strong> multifonction monochrome (noir et blanc) offrant les fonctions d\u2019impression, copie, num\u00e9risation et fax. Elle imprime jusqu\u2019\u00e0 20 pages par minute et num\u00e9rise au format A4 jusqu\u2019\u00e0 20 images par minute en noir et blanc, et 7 en couleur. La r\u00e9solution d\u2019impression atteint 1 200 x 1 200 ppp. \u00c9quip\u00e9e d\u2019un \u00e9cran LCD 2 lignes (16 caract\u00e8res par ligne), elle arbore une finition mixte blanc et noir. Connexion sans fil via Wi-Fi (802.11b\/g\/n) int\u00e9gr\u00e9e et application HP Smart. Mod\u00e8le : Laser-137fnw.<\/p>\n","protected":false},"featured_media":4238,"comment_status":"open","ping_status":"closed","template":"","meta":[],"product_brand":[207],"product_cat":[208,157],"product_tag":[255,209,254,200],"class_list":{"0":"post-4229","1":"product","2":"type-product","3":"status-publish","4":"has-post-thumbnail","6":"product_brand-hp","7":"product_cat-imprimantes","8":"product_cat-informatique","9":"product_tag-hp-laser","10":"product_tag-imprimante-hp","11":"product_tag-imprimante-laser","12":"product_tag-office-trading","14":"first","15":"instock","16":"shipping-taxable","17":"purchasable","18":"product-type-simple"},"acf":[],"_links":{"self":[{"href":"https:\/\/officetrading.sn\/index.php\/wp-json\/wp\/v2\/product\/4229","targetHints":{"allow":["GET"]}}],"collection":[{"href":"https:\/\/officetrading.sn\/index.php\/wp-json\/wp\/v2\/product"}],"about":[{"href":"https:\/\/officetrading.sn\/index.php\/wp-json\/wp\/v2\/types\/product"}],"replies":[{"embeddable":true,"href":"https:\/\/officetrading.sn\/index.php\/wp-json\/wp\/v2\/comments?post=4229"}],"wp:featuredmedia":[{"embeddable":true,"href":"https:\/\/officetrading.sn\/index.php\/wp-json\/wp\/v2\/media\/4238"}],"wp:attachment":[{"href":"https:\/\/officetrading.sn\/index.php\/wp-json\/wp\/v2\/media?parent=4229"}],"wp:term":[{"taxonomy":"product_brand","embeddable":true,"href":"https:\/\/officetrading.sn\/index.php\/wp-json\/wp\/v2\/product_brand?post=4229"},{"taxonomy":"product_cat","embeddable":true,"href":"https:\/\/officetrading.sn\/index.php\/wp-json\/wp\/v2\/product_cat?post=4229"},{"taxonomy":"product_tag","embeddable":true,"href":"https:\/\/officetrading.sn\/index.php\/wp-json\/wp\/v2\/product_tag?post=4229"}],"curies":[{"name":"wp","href":"https:\/\/api.w.org\/{rel}","templated":true}]}}