{"id":4335,"date":"2026-03-11T16:58:19","date_gmt":"2026-03-11T16:58:19","guid":{"rendered":"https:\/\/officetrading.sn\/?post_type=product&#038;p=4335"},"modified":"2026-03-11T16:58:19","modified_gmt":"2026-03-11T16:58:19","slug":"armoire-de-rangement-metallique-semi-vitree","status":"publish","type":"product","link":"https:\/\/officetrading.sn\/index.php\/product\/armoire-de-rangement-metallique-semi-vitree\/","title":{"rendered":"Armoire de Rangement m\u00e9tallique &#8211; semi vitr\u00e9e"},"content":{"rendered":"<h3><span style=\"text-decoration: underline;\"><strong>Description<\/strong><\/span><\/h3>\n<p title=\"Armoire de classement de bureau avec porte en verre, rangement en acier, armoire de classement en m\u00e9tal et verre avec serrure confortable\" data-spm-anchor-id=\"a2700.details.0.i119.74d637cd28fqXw\">Armoire de Rangement m\u00e9tallique &#8211; semi vitr\u00e9e.<\/p>\n<div class=\"id-grid id-grid-cols-[2fr_3fr] id-border-b-[0.5px] id-border-[#ddd]\" data-testid=\"module-attribute-row\">\n<div class=\"id-text-sm id-p-4 id-bg-[#f8f8f8] id-flex id-items-center\" title=\"Couleur\" data-testid=\"module-attribute-name\">\n<div class=\"id-leading-[18px]\" data-attribute-lineclamp=\"true\" data-testid=\"module-attribute-name-text\" data-spm-anchor-id=\"a2700.details.0.i122.74d637cd28fqXw\">Couleur : Gris<\/div>\n<\/div>\n<\/div>\n<div class=\"id-grid id-grid-cols-[2fr_3fr] id-border-b-[0.5px] id-border-[#ddd]\" data-testid=\"module-attribute-row\">\n<div class=\"id-text-sm id-p-4 id-bg-[#f8f8f8] id-flex id-items-center\" title=\"Verrouiller\" data-testid=\"module-attribute-name\">\n<div class=\"id-leading-[18px]\" data-attribute-lineclamp=\"true\" data-testid=\"module-attribute-name-text\">Verrouiller : Serrure \u00e0 cl\u00e9<\/div>\n<div data-attribute-lineclamp=\"true\" data-testid=\"module-attribute-name-text\">\n<div class=\"id-grid id-grid-cols-[2fr_3fr] id-border-b-[0.5px] id-border-[#ddd]\" data-testid=\"module-attribute-row\">\n<div class=\"id-text-sm id-p-4 id-bg-[#f8f8f8] id-flex id-items-center\" title=\"Mat\u00e9riel\" data-testid=\"module-attribute-name\">\n<div class=\"id-leading-[18px]\" data-attribute-lineclamp=\"true\" data-testid=\"module-attribute-name-text\" data-spm-anchor-id=\"a2700.details.0.i124.74d637cd28fqXw\">Mat\u00e9riel : Acier<\/div>\n<\/div>\n<\/div>\n<div class=\"id-grid id-grid-cols-[2fr_3fr] id-border-b-[0.5px] id-border-[#ddd]\" data-testid=\"module-attribute-row\">\n<div class=\"id-text-sm id-p-4 id-bg-[#f8f8f8] id-flex id-items-center\" title=\"Application\" data-testid=\"module-attribute-name\">\n<div class=\"id-leading-[18px]\" data-attribute-lineclamp=\"true\" data-testid=\"module-attribute-name-text\">Application : Bureau \u00e0 la maison, Salon, Chambre, Salle \u00e0 manger, H\u00f4tel, Appartement, Immeuble de bureaux, H\u00f4pital, \u00c9cole, Sites sportifs, Installations de loisirs, Supermarch\u00e9, Entrep\u00f4t, Atelier<\/div>\n<div data-attribute-lineclamp=\"true\" data-testid=\"module-attribute-name-text\">\n<div class=\"id-text-sm id-p-4 id-bg-[#f8f8f8] id-flex id-items-center\" title=\"Utilisation sp\u00e9cifique\" data-testid=\"module-attribute-name\">\n<div class=\"id-leading-[18px]\" data-attribute-lineclamp=\"true\" data-testid=\"module-attribute-name-text\" data-spm-anchor-id=\"a2700.details.0.i126.74d637cd28fqXw\">Utilisation sp\u00e9cifique : Classeur<\/div>\n<\/div>\n<\/div>\n<\/div>\n<\/div>\n<\/div>\n<\/div>\n<\/div>\n","protected":false},"excerpt":{"rendered":"<p title=\"Armoire de classement de bureau avec porte en verre, rangement en acier, armoire de classement en m\u00e9tal et verre avec serrure confortable\" data-spm-anchor-id=\"a2700.details.0.i119.74d637cd28fqXw\">Armoire de Rangement m\u00e9tallique &#8211; semi vitr\u00e9e.<\/p>\n<div class=\"id-grid id-grid-cols-[2fr_3fr] id-border-b-[0.5px] id-border-[#ddd]\" data-testid=\"module-attribute-row\">\n<div class=\"id-text-sm id-p-4 id-bg-[#f8f8f8] id-flex id-items-center\" title=\"Couleur\" data-testid=\"module-attribute-name\">\n<div class=\"id-leading-[18px]\" data-attribute-lineclamp=\"true\" data-testid=\"module-attribute-name-text\" data-spm-anchor-id=\"a2700.details.0.i122.74d637cd28fqXw\">Couleur : Gris<\/div>\n<\/div>\n<\/div>\n<div class=\"id-grid id-grid-cols-[2fr_3fr] id-border-b-[0.5px] id-border-[#ddd]\" data-testid=\"module-attribute-row\">\n<div class=\"id-text-sm id-p-4 id-bg-[#f8f8f8] id-flex id-items-center\" title=\"Verrouiller\" data-testid=\"module-attribute-name\">\n<div class=\"id-leading-[18px]\" data-attribute-lineclamp=\"true\" data-testid=\"module-attribute-name-text\">Verrouiller : Serrure \u00e0 cl\u00e9<\/div>\n<div data-attribute-lineclamp=\"true\" data-testid=\"module-attribute-name-text\">\n<div class=\"id-grid id-grid-cols-[2fr_3fr] id-border-b-[0.5px] id-border-[#ddd]\" data-testid=\"module-attribute-row\">\n<div class=\"id-text-sm id-p-4 id-bg-[#f8f8f8] id-flex id-items-center\" title=\"Mat\u00e9riel\" data-testid=\"module-attribute-name\">\n<div class=\"id-leading-[18px]\" data-attribute-lineclamp=\"true\" data-testid=\"module-attribute-name-text\" data-spm-anchor-id=\"a2700.details.0.i124.74d637cd28fqXw\">Mat\u00e9riel : Acier<\/div>\n<\/div>\n<\/div>\n<div class=\"id-grid id-grid-cols-[2fr_3fr] id-border-b-[0.5px] id-border-[#ddd]\" data-testid=\"module-attribute-row\">\n<div class=\"id-text-sm id-p-4 id-bg-[#f8f8f8] id-flex id-items-center\" title=\"Application\" data-testid=\"module-attribute-name\">\n<div class=\"id-leading-[18px]\" data-attribute-lineclamp=\"true\" data-testid=\"module-attribute-name-text\">Application : Bureau \u00e0 la maison, Salon, Chambre, Salle \u00e0 manger, H\u00f4tel, Appartement, Immeuble de bureaux, H\u00f4pital, \u00c9cole, Sites sportifs, Installations de loisirs, Supermarch\u00e9, Entrep\u00f4t, Atelier<\/div>\n<div data-attribute-lineclamp=\"true\" data-testid=\"module-attribute-name-text\">\n<div class=\"id-text-sm id-p-4 id-bg-[#f8f8f8] id-flex id-items-center\" title=\"Utilisation sp\u00e9cifique\" data-testid=\"module-attribute-name\">\n<div class=\"id-leading-[18px]\" data-attribute-lineclamp=\"true\" data-testid=\"module-attribute-name-text\" data-spm-anchor-id=\"a2700.details.0.i126.74d637cd28fqXw\">Utilisation sp\u00e9cifique : Classeur<\/div>\n<\/div>\n<\/div>\n<\/div>\n<\/div>\n<\/div>\n<\/div>\n<\/div>\n","protected":false},"featured_media":4336,"comment_status":"open","ping_status":"closed","template":"","meta":[],"product_brand":[],"product_cat":[194,146],"product_tag":[274,200,273],"class_list":{"0":"post-4335","1":"product","2":"type-product","3":"status-publish","4":"has-post-thumbnail","6":"product_cat-armoires-de-bureaux","7":"product_cat-bureaux","8":"product_tag-armoire-de-bureau","9":"product_tag-office-trading","10":"product_tag-rangement-metallique","12":"first","13":"instock","14":"sale","15":"shipping-taxable","16":"purchasable","17":"product-type-simple"},"acf":[],"_links":{"self":[{"href":"https:\/\/officetrading.sn\/index.php\/wp-json\/wp\/v2\/product\/4335","targetHints":{"allow":["GET"]}}],"collection":[{"href":"https:\/\/officetrading.sn\/index.php\/wp-json\/wp\/v2\/product"}],"about":[{"href":"https:\/\/officetrading.sn\/index.php\/wp-json\/wp\/v2\/types\/product"}],"replies":[{"embeddable":true,"href":"https:\/\/officetrading.sn\/index.php\/wp-json\/wp\/v2\/comments?post=4335"}],"wp:featuredmedia":[{"embeddable":true,"href":"https:\/\/officetrading.sn\/index.php\/wp-json\/wp\/v2\/media\/4336"}],"wp:attachment":[{"href":"https:\/\/officetrading.sn\/index.php\/wp-json\/wp\/v2\/media?parent=4335"}],"wp:term":[{"taxonomy":"product_brand","embeddable":true,"href":"https:\/\/officetrading.sn\/index.php\/wp-json\/wp\/v2\/product_brand?post=4335"},{"taxonomy":"product_cat","embeddable":true,"href":"https:\/\/officetrading.sn\/index.php\/wp-json\/wp\/v2\/product_cat?post=4335"},{"taxonomy":"product_tag","embeddable":true,"href":"https:\/\/officetrading.sn\/index.php\/wp-json\/wp\/v2\/product_tag?post=4335"}],"curies":[{"name":"wp","href":"https:\/\/api.w.org\/{rel}","templated":true}]}}